(1). Let p(k) = -14*k - f*k - 2 - 10*k + 36*k. Determine p(4).
-6
Let v(i) = i**2 - 5*i + 3. Let a be v(-2). Suppose 0 = -25*y + a*y - 8. Let x(j) = -5*j**2 + 1. Give x(y).
-4
Let j(q) be the first derivative of -q**2 - 6*q + 1. Suppose -22*n + 232 = 34. What is j(n)?
-24
Let u(r) be the first derivative of 17*r**3/3 - r**2/2 - 3*r + 14. Let f be u(2). Let g = f + -62. Let b(x) = 5*x - 1. What is b(g)?
4
Let t(o) = -o**3 + o + 1. Let w(b) = -4*b**3 - 7*b**2 + 4*b + 10. Let i(c) = 5*t(c) - w(c). Let u = -4941 + 4948. What is i(u)?
2
Let l(x) be the second derivative of -25*x + 5/3*x**3 - 5/12*x**4 + 1/60*x**5 + 0 + 21*x**2. Let j(u) be the first derivative of l(u). Calculate j(9).
1
Suppose 3*b + 11 = 2*c, 3*b + 23 = c + 7. Let p(w) = 11*w + 51. Give p(c).
-4
Let b(x) = 2*x + 20. Let y be b(-9). Let j(l) = -1. Let o(v) = 2*v + 4. Let c(u) = 3*j(u) + o(u). What is c(y)?
5
Suppose 134 = -97*g - 254. Let d(o) = -47*o - 186. Determine d(g).
2
Let j(u) = u**2 - 6*u + 5. Suppose 9*h - 232 = 13*h. Let y = h - -59. Suppose 11 = 2*r - y. Determine j(r).
5
Let s(u) = -u**2 - 1. Let w(p) = -3*p**2 + 4. Let a(v) = -2*s(v) + w(v). Suppose 7*i - 553 = 210. Suppose i*x = 112*x. Give a(x).
6
Suppose -8*h + b + 492 = -12*h, 0 = 3*h + 4*b + 369. Let l = h - -124. Let f(n) = 2*n**3 + 2*n**2 - 1. Calculate f(l).
3
Let g(a) = 6*a**3 + 574520*a + 11*a**2 - 574523*a - 55 - 7*a**3. What is g(10)?
15
Let w(j) = -j**2 - j - 4. Suppose 4 = 16*p - 14*p. Suppose 0 = 4*c - 3*m - 3, 0 = p*c + 4*m + 31 - 5. Give w(c).
-10
Let u = -5381 + 107621/20. Let a(t) be the second derivative of -1/12*t**4 - 7*t + 0 - 1/6*t**3 + t**2 - u*t**5. Calculate a(0).
2
Let p = 13 - -25. Suppose -5*y + y + p = -3*k, 5*k + 4*y = -10. Let a(d) be the third derivative of -d**4/24 - 2*d**3/3 + 5*d**2 + 3. Determine a(k).
2
Let h(b) = 2*b**3 - 11*b**2 + 16*b + 1. Let z be (-135)/(-1035) + (-356)/(-92). What is h(z)?
17
Let q be (-6)/(-4)*-2 + 11. Let p(j) = -7*j - 9 - 340*j**2 - 332*j**2 + 673*j**2. Calculate p(q).
-1
Let x(i) = -i**2 + 7*i. Suppose 45*l - 43*l - 50 = 0. Suppose -l = -66*c + 65*c. Suppose m = k - 7, -3*k = -4*m - c + 3. Give x(k).
6
Let c(j) = j**3 + j**2 - 7. Suppose -19 + 49 = 6*o. Suppose -o*v = 4*v - 0*v. Calculate c(v).
-7
Let b(c) = c + 3. Let k be b(4). Suppose -27 + k = 4*v. Let s(i) = -395*i + 801*i + 7 - 400*i. Determine s(v).
-23
Let n = 329 + -324. Let i(m) = 2*m**2 - 19*m + 1. Let x(v) = 3*v**2 - 29*v + 1. Let l(k) = 8*i(k) - 5*x(k). Give l(n).
-7
Let z = 1162 + -1164. Let r(j) = 4*j**2 + 4*j + 2. Determine r(z).
10
Let r(b) = b**3 - 5*b**2 + 4. Suppose -y + 5 = 0, 0*g - 5*g = y - 25. Suppose -q = -4*o + 79, 0 = o - 7*q + g*q - 6. Suppose -25*d + o*d = -20. What is r(d)?
4
Let l(r) = 69 + 1516*r - 694*r - 761*r - r**2. Calculate l(62).
7
Let g(p) be the third derivative of 5*p**4/24 - 16*p**3 - p**2 - 2*p + 45. Give g(20).
4
Let d(c) be the first derivative of -9 + 1/3*c**3 + 3*c - 3/2*c**2. What is d(2)?
1
Let l(t) = -15*t**2 - 22. Let s(d) = 12*d**2 + d + 20. Let a(c) = 5*l(c) + 6*s(c). Give a(-4).
-62
Let m be 102 - 104 - 5/(15/(-6)). Let s(u) be the second derivative of m - 7/6*u**3 - 3/2*u**2 - 1/12*u**4 + 13*u. Determine s(-6).
3
Let o(s) = 3 - 4209*s**2 - 8*s + 0 + 4207*s**2 - 4. Let a(p) = -3*p**2 - 7*p - 2. Let x(v) = 3*a(v) - 4*o(v). Give x(9).
16
Let p be (0 - (-3 - 0))/(50/900). Let x(l) = 52 - 11*l**2 + 10*l**2 - 6*l - p. Suppose k + 3 = -3. Calculate x(k).
-2
Let d(z) = 5*z**3 - 3*z**2 - 12*z - 1. Let n(b) = b**3 - b**2 - 3*b + 1. Let w(t) = -5*t - 39. Let p be w(-8). Let y(u) = p*d(u) - 4*n(u). Determine y(0).
-5
Let i be ((-8)/10)/((-10)/25). Suppose 7*y - 2*y = -5*t, -4*y - 24 = -i*t. Let b(c) = 3*c**2 + 5*c + 4. Give b(y).
32
Suppose 4*t = 2*t - 8. Let c(n) = -3*n**3 - 2*n**2 - 13*n + 4. Let f(s) = 2*s**3 + s**2 + 11*s - 3. Let d(w) = 3*c(w) + 4*f(w). Determine d(t).
12
Let l(r) = -11*r - 84. Let v(q) = 2*q + 2. Let z(t) = -l(t) - 5*v(t). Calculate z(0).
74
Let f(a) = -6*a - 28. Let m(v) = v**2 - 100*v + 890. Let l be m(90). Give f(l).
32
Let f(i) = 47*i + 14. Let o(x) = -52*x - 18. Let y(b) = 11*f(b) + 10*o(b). Give y(6).
-44
Let y be 260/(-50) + 4 - (-142)/10. Let g(h) = h - 52. Determine g(y).
-39
Let k(g) = -1 + 2 + 7*g - 1 + 15 + 4. Give k(-3).
-2
Let n be (-18)/((-1)/(1*(2 + -3))). Let c = n - -19. Let h(t) = -16*t**2 + t - 1. Give h(c).
-16
Let y be (-969)/(-34)*(-14)/3. Let m = 162 + y. Suppose -2*n = -5*c + m, 0 = 14*n - 17*n - 2*c + 4. Let d(t) = -t - 2. Determine d(n).
0
Let z(c) = -2*c**2 + 12*c - 9. Let l be z(5). Let q(k) = 4*k**2 - 9*k + 17. Let d(g) = g**2 + 4. Let y(r) = l*q(r) - 5*d(r). Determine y(-9).
-3
Let f be 2 - -3 - (-2 + 0). Let p(s) be the third derivative of s**5/60 - 7*s**4/24 + 3*s**3/2 + 124118*s**2. Calculate p(f).
9
Suppose -i = -0*i. Let u(b) = 54*b**2 - 1 + i*b - 64*b**2 + 2*b. Let a(c) = 31*c**2 - 7*c + 4. Let s(d) = -2*a(d) - 7*u(d). What is s(1)?
7
Let b(w) be the second derivative of w**3/3 - 5*w**2 - 21592*w. Suppose -v = -5*i + 18, 0 = -2*i - i + 15. What is b(v)?
4
Let v = 163 + -169. Let h be -8*3*3/9. Let b be 4 + 3/v*h. Let q(m) = m**3 - 7*m**2 - 10*m + 11. Calculate q(b).
-5
Let g(o) = 7*o - 141. Let c be g(19). Let a be ((-162)/(-216))/((-2)/c). Let r(l) = l**3 - 5*l**2 + 3*l + 2. Determine r(a).
-7
Let y(k) be the first derivative of 0*k + 1/360*k**6 - 11/3*k**3 + 0*k**2 + 0*k**5 + 15 - 1/4*k**4. Let z(a) be the third derivative of y(a). Determine z(5).
19
Suppose 41*r = 58*r - 6545. Let j = r + -383. Let l(g) = g**2 - g**2 + 2*g + g**3 + 1 - 3*g**2. Determine l(j).
1
Suppose 0*k - 1092 = -6*k. Let d(r) = 0*r - 211 + r**2 - r + 0*r - 5*r + k. Calculate d(9).
-2
Let m be -11*(-68)/(-7106) - (-4)/38. Let y(u) = 3*u - 69. Calculate y(m).
-69
Let d(u) = 26*u**2 - 49 - 78*u + 44 - 5. Determine d(3).
-10
Suppose 3*b = d - 20, 488*b = 491*b - 3*d + 24. Let t(v) = 7*v - 21. Calculate t(b).
-63
Let j(m) be the first derivative of 13 + 1/3*m**3 + 11*m + 9/2*m**2. Calculate j(-10).
21
Let k(o) = o**3 + 8*o**2 + 2. Suppose -2*r = -2*i - 3*i + 29, 5*i + 133 = -4*r. Let j(a) = -a**3 - 28*a**2 - 27*a - 8. Let z be j(r). Determine k(z).
2
Let g(n) = -3*n + 3. Let x be (3*(-8)/144)/((-1)/6). What is g(x)?
0
Let s(u) = -u**3 - 9*u**2 - 6*u + 7. Suppose -2*q + g + 847 = 865, 4*g = -5*q - 32. Give s(q).
-9
Let y(k) = 34*k + 41*k - 91*k + 30 + 38*k. Determine y(-1).
8
Let v(u) be the first derivative of -u + 1/2*u**2 - 243. Let j(w) = w**3 - 5*w**2 + 3*w + 4. Let g be j(3). Give v(g).
-6
Let v(c) = -c**3 - 44*c**2 + 95*c + 2. Let w be v(2). Let m(l) = -74*l + 587. What is m(w)?
-5
Let t be 5 - -6*(-1)/12*-6. Let s(j) = 2 + 3*j + 7*j**2 - j**3 + 3 + 5*j. Let r be s(t). Let p(g) = g**2 - 4*g + 6. Determine p(r).
11
Let p(s) = -s**3 - 37*s**2 - 70*s + 3. Suppose 2*y + 3*j = -19 - 54, 6*y - j + 209 = 0. Give p(y).
3
Suppose 12 = -3*k, -20 = -3*i + 4*k - 1. Let o be (-4 + (i - 3))/(-2). Let b(d) = 59*d + 1 - 28*d - 32*d + o. Calculate b(3).
1
Let b(m) = 2*m - 5. Let u be b(3). Let g(o) = -85*o**2 - 1 + 41*o + 52*o**2 - 39*o. Give g(u).
-32
Let o(b) = -6*b**2 + 2*b + 1. Let x be o(-1). Let u(c) be the third derivative of -77*c**2 + 0 - 1/3*c**3 + 1/24*c**4 + 0*c. Give u(x).
-9
Let s(d) = d**3 - d**2 - 5*d. Let o(b) = -b**2 + 238*b - 469. Let m be o(2). Calculate s(m).
3
Let o(b) be the second derivative of 2*b**3/3 - 19*b**2/2 + 3268*b. Determine o(0).
-19
Suppose 2*n - 3*n - 2*m + 15 = 0, -3*n + 33 = 3*m. Let w(i) be the first derivative of -1/3*i**3 - 48 + 5/2*i**2 + 2*i. What is w(n)?
-12
Suppose -c - 4*c - 2*o = -3, 0 = -2*c + 2*o - 10. Let p(n) = 1547 + 1569 - 3116 + 7*n. Calculate p(c).
-7
Let y(g) be the third derivative of -91*g + 0*g**5 + 1/120*g**6 - 2*g**2 - 1/6*g**4 + 1/6*g**3 + 0. Give y(-2).
1
Let y(v) = -9*v - 134. Let k(g) = 2*g + 29. Let i(p) = 5*k(p) + y(p). Calculate i(-23).
-12
Let h be ((-1)/2)/(39/36 + -1). Let b be 0 - ((-3)/((-3)/4) + 1). Let x(c) = -11*c - 20. Let p(a) = -7*a - 13. Let t(k) = b*x(k) + 8*p(k). Give t(h).
2
Suppose 0 = 194*w - 92*w - 2040. Let o(u) = -u**2 + 19*u + 24. Calculate o(w).
4
Let s(t) = -154*t**2 - 25 + 152*t**2 + 33. Suppose 4*r = 3*h + 8, 2*h - r - 2*r = -7. What is s(h)?
-24
Let x(u) = 1060*u + 1048*u - u**2 + 21 - 2121*u. Calculate x(-18).
-69
Suppose q = 5*g - 2, q + g - 